{"id":3056,"date":"2024-08-11T21:22:40","date_gmt":"2024-08-12T03:22:40","guid":{"rendered":"https:\/\/udlondres.com\/servicios_udl\/preparatoria\/?page_id=3056"},"modified":"2025-10-24T11:23:33","modified_gmt":"2025-10-24T17:23:33","slug":"examenes-extraordinarios","status":"publish","type":"page","link":"https:\/\/udlondres.com\/servicios_udl\/preparatoria\/examenes-extraordinarios\/","title":{"rendered":"EX\u00c1MENES EXTRAORDINARIOS"},"content":{"rendered":"<div style=\"text-align: center;\">\ud83d\udda5\ufe0f \u00bfC\u00f3mo realizar el registro?<\/div>\n<div><\/div>\n<div>Acude al \u00c1rea Acad\u00e9mica de la Preparatoria para recibir asesor\u00eda de la cantidad de ex\u00e1menes que puedes registrar de acuerdo a la normativa UNAM.<\/div>\n<div><\/div>\n<div>Accede al formulario de registro en l\u00ednea a trav\u00e9s del siguiente enlace:<\/div>\n<div style=\"text-align: center;\">\ud83d\udc49\u00a0 \u00a0<a href=\"https:\/\/forms.gle\/EmUB1ksMj95PQNhz5\">FORMULARIO<\/a><\/div>\n<div><\/div>\n<div>Llena todos los campos solicitados, incluyendo:<\/div>\n<div><\/div>\n<div>Nombre completo<\/div>\n<div><\/div>\n<div>Matr\u00edcula<\/div>\n<div><\/div>\n<div>Grupo<\/div>\n<div><\/div>\n<div>Asignaturas a presentar en extraordinario<\/div>\n<div><\/div>\n<div><\/div>\n<div>Verifica que la informaci\u00f3n proporcionada sea correcta.<\/div>\n<div><\/div>\n<div>No se aceptar\u00e1n registros con datos incompletos o incorrectos.<\/div>\n<div><\/div>\n<div>Env\u00eda el formulario y guarda el comprobante de registro (captura de pantalla o confirmaci\u00f3n con el \u00e1rea de Servicios Escolares)<\/div>\n<div><\/div>\n<div style=\"text-align: center;\">\u26a0\ufe0f Consideraciones importantes<\/div>\n<div><\/div>\n<div>El registro es personal y \u00fanico, no se permitir\u00e1 duplicidad.<\/div>\n<div><\/div>\n<div>Cualquier inconsistencia ser\u00e1 motivo de anulaci\u00f3n del registro.<\/div>\n<div><\/div>\n<div>No se aceptar\u00e1n registros fuera del periodo establecido.<\/div>\n<div><\/div>\n<div>Es responsabilidad del alumno estar al tanto de las fechas y cumplir con los requisitos de cada materia.<\/div>\n<div><\/div>\n<div><\/div>\n<div><strong>\u26a0\ufe0fIMPORTANTE: Para validar el registro a ex\u00e1menes extraordinarios y presentarlos, es indispensable no presentar ning\u00fan adeudo. Verifica tu situaci\u00f3n en el \u00e1rea de Cobranzas (comun\u00edcate al n\u00famero 55 6784 5091).\u26a0\ufe0f<\/strong><\/div>\n<div><\/div>\n<div><\/div>\n<div><strong>\ud83d\udcf9 \u00bfNecesitas ayuda?<\/strong><\/div>\n<div>Consulta el siguiente video tutorial donde se explican paso a paso las instrucciones:<\/div>\n<p style=\"text-align: center;\"><a href=\"https:\/\/youtu.be\/iD9FTjCRC3I\">VIDEO TUTORIAL<\/a><\/p>\n<p>&nbsp;<\/p>\n","protected":false},"excerpt":{"rendered":"<p>\ud83d\udda5\ufe0f \u00bfC\u00f3mo realizar el registro? Acude al \u00c1rea Acad\u00e9mica de la Preparatoria para recibir asesor\u00eda de la cantidad de ex\u00e1menes que puedes registrar de acuerdo a la normativa UNAM. Accede al formulario de registro en l\u00ednea a trav\u00e9s del siguiente enlace: \ud83d\udc49\u00a0 \u00a0FORMULARIO Llena todos los campos solicitados, incluyendo: Nombre completo Matr\u00edcula Grupo Asignaturas a [&hellip;]<\/p>\n","protected":false},"author":2,"featured_media":0,"parent":0,"menu_order":0,"comment_status":"closed","ping_status":"closed","template":"","meta":{"_et_pb_use_builder":"off","_et_pb_old_content":"","_et_gb_content_width":""},"_links":{"self":[{"href":"https:\/\/udlondres.com\/servicios_udl\/preparatoria\/wp-json\/wp\/v2\/pages\/3056"}],"collection":[{"href":"https:\/\/udlondres.com\/servicios_udl\/preparatoria\/wp-json\/wp\/v2\/pages"}],"about":[{"href":"https:\/\/udlondres.com\/servicios_udl\/preparatoria\/wp-json\/wp\/v2\/types\/page"}],"author":[{"embeddable":true,"href":"https:\/\/udlondres.com\/servicios_udl\/preparatoria\/wp-json\/wp\/v2\/users\/2"}],"replies":[{"embeddable":true,"href":"https:\/\/udlondres.com\/servicios_udl\/preparatoria\/wp-json\/wp\/v2\/comments?post=3056"}],"version-history":[{"count":12,"href":"https:\/\/udlondres.com\/servicios_udl\/preparatoria\/wp-json\/wp\/v2\/pages\/3056\/revisions"}],"predecessor-version":[{"id":3396,"href":"https:\/\/udlondres.com\/servicios_udl\/preparatoria\/wp-json\/wp\/v2\/pages\/3056\/revisions\/3396"}],"wp:attachment":[{"href":"https:\/\/udlondres.com\/servicios_udl\/preparatoria\/wp-json\/wp\/v2\/media?parent=3056"}],"curies":[{"name":"wp","href":"https:\/\/api.w.org\/{rel}","templated":true}]}}